te the remainder when h is divided by 22.
21
Let l(y) = -y + 5. Let f be l(5). Let m(w) = -w**3 - w**2 + w + 2. Suppose 2 = -n + 4. What is the remainder when n is divided by m(f)?
0
Let x be -6 - ((-6)/3 + -1). Let d(c) = 2*c**3 - 3*c + 2. Let b be d(x). Let k = -26 - b. What is the remainder when k is divided by 5?
2
Suppose -8 + 1 = -d. What is the remainder when 16/(-8)*((-190)/4)/5 is divided by d?
5
Let u(a) = -a**3 - a**2 + a + 2. Let t be u(-2). Suppose 0*k + 100 = t*k. Let v = -8 + k. What is the remainder when 48 is divided by v?
14
Calculate the remainder when 14 is divided by 2/8 + (-75)/(-20).
2
Suppose 6*d = 72 - 12. What is the remainder when d is divided by 6?
4
Calculate the remainder when 1/((-18)/(-194)) - (-6)/27 is divided by 4.
3
Suppose 5*t + 0*s - 83 = 4*s, 0 = 3*t + 2*s - 63. Suppose -2*n + 19 = 3*a + 6, -a - 13 = 5*n. What is the remainder when t is divided by a?
5
Let m(i) = -i**3 - 2*i**2 + 2*i + 20. What is the remainder when 77 is divided by m(0)?
17
Suppose -b - 4 = 0, -209 = -4*m + 3*b - 33. Calculate the remainder when m is divided by 6.
5
Let x(k) = k + 2. Let j be x(-1). What is the remainder when 36 is divided by j + -1 + -3 + 16?
10
Let l = 30 + -6. Let i = l - 12. What is the remainder when 23 is divided by i?
11
Let a = 86 - 45. Suppose 0 = -4*o + a + 75. Let p = -16 + o. Calculate the remainder when p is divided by 7.
6
Suppose 0*n - 120 = 4*n. What is the remainder when 28 is divided by 6/n + 152/10?
13
Let c = 17 + 0. Suppose -5*r + 26 = 3*j, c = 2*j + j - 4*r. Calculate the remainder when j is divided by 4.
3
Let p(o) = o**2 + 5*o + 3. Calculate the remainder when p(-5) is divided by 3.
0
Suppose 0 = -3*a, -4*a - 68 = -4*r + a. Calculate the remainder when r is divided by 9 + 2/(-1 - -3).
7
Suppose -h - 2*h = -v + 5, 0 = 5*h - 20. Let q(t) = t**2 - 13*t + 21. Let p be q(9). Calculate the remainder when 160/(-4)*p/12 is divided by v.
16
Let k = 2 - 5. Calculate the remainder when 99 is divided by k + 39 + (-8)/4.
31
Suppose -3 = -2*s + 3*s. Let l = s - -9. What is the remainder when 15 is divided by l?
3
Let f = -5 - -4. Let y = f + -4. What is the remainder when 5*(-2 - 19/y) is divided by 5?
4
Let t(i) = -5*i + 5*i**2 - i + 3 - i**2 + 4. Suppose 0 - 13 = -w. Calculate the remainder when t(3) is divided by w.
12
Suppose c + 3*p = 4*c - 111, -45 = -c - 3*p. What is the remainder when c is divided by 20?
19
Let u(w) = -52*w + 5. Let x be u(-4). Calculate the remainder when x/3 - (-1)/1 is divided by 25.
22
Let f(v) = v**2 - 10*v + 5. Let i be f(9). Calculate the remainder when (i/6)/((-4)/126) is divided by 12.
9
Calculate the remainder when 54 is divided by (-340)/(-20) + -1 + -2.
12
Let t = 15 - 13. Suppose -p + 5 - 16 = -3*o, t*o = 2*p + 2. Suppose 2*a - 33 = -a. What is the remainder when a is divided by p?
3
Let q(r) = -11*r - 24. What is the remainder when q(-5) is divided by 8?
7
Suppose -5*x - 39 = 4*t, -5*x - 5*t - 19 = -3*x. Let j = x - -10. Suppose j*s = 4*s - 29. Calculate the remainder when s is divided by 15.
14
Suppose 19 = x - 6*w + 3*w, -3*x + 70 = 4*w. Calculate the remainder when x is divided by 13.
9
Let i = -3 + 6. Let r(o) = o**2 - 2. What is the remainder when r(-3) is divided by i?
1
Suppose -2*i = v - 7, -5*v + 5*i + 80 = -0*i. What is the remainder when v is divided by 7?
6
Let z = -32 - -35. What is the remainder when 13 is divided by z?
1
Suppose -5*q = 2*l + 17, 4*l - 7*q = -2*q + 41. Let k(u) = u**3 + 4*u**2 + 2*u. Calculate the remainder when l is divided by k(-3).
1
Let a(s) = s + 21. Let u(z) = -2*z - 27. Let t(k) = k + 13. Let o(r) = 9*t(r) + 4*u(r). Let g be o(-9). Calculate the remainder when a(g) is divided by 11.
10
Suppose -5*k + 52 = -2*f, -4*f = k - 12 - 16. Calculate the remainder when 44 is divided by k.
8
Suppose -3*n + 4*z = -23, -59 = -2*n - n - 5*z. What is the remainder when n is divided by 8?
5
Suppose 2*t + 4*b = b + 1, -3*t = b - 5. Suppose t*p - 32 = -2*p. What is the remainder when 23 is divided by p?
7
Calculate the remainder when 43 is divided by (22/(-4))/(6/(-12)).
10
What is the remainder when 22 is divided by 33/3 + (1 - 0)?
10
Suppose -58 = -5*s + p, s + p - 17 = 3*p. Suppose -30 = -5*i + 20. Let q = i - -10. Calculate the remainder when q is divided by s.
9
Let q = 46 + -9. Let h(m) = m**2 + 2*m - 2. What is the remainder when q is divided by h(3)?
11
Suppose -3*l = -13 - 8. Calculate the remainder when (6/l)/((-1)/(-21)) is divided by 7.
4
Let w = 36 + -20. Let k be (-8)/12 - 122/6. Let i = 51 + k. Calculate the remainder when i is divided by w.
14
Let x(j) = -10*j - 60. What is the remainder when 39 is divided by x(-8)?
19
Let c be 6/(-9) - 1/3. Let r = 1 - c. Let g = r + 5. What is the remainder when g is divided by 4?
3
Suppose -2*m = 6, 0*d + 3*d - 30 = -m. Suppose 3*s = -5*j, 0*j = -5*s + 3*j. Let c = s - -31. Calculate the remainder when c is divided by d.
9
Let d(b) = -b**2 + 6. Calculate the remainder when (15 - (-2 - -1)) + 0 is divided by d(0).
4
Suppose 25 = 5*a - 5. Suppose w + 4*p = -w + 12, 0 = 2*p - a. Suppose w = -5*l + 3*o + 51, -4*l = -6*o + o - 33. What is the remainder when 46 is divided by l?
10
Suppose 8 = 2*h - 0. Let r(j) = j - 1. What is the remainder when r(h) is divided by 3?
0
Suppose 4*o = -5*n + 121, -o + 24 = -4*n - n. Let x = o + 1. Suppose 94 - x = 2*h. What is the remainder when h is divided by 17?
15
Suppose -r + m = -4*m - 14, 0 = 5*r - 5*m - 130. What is the remainder when r is divided by 3/(-1) + 9*2?
14
Let w = 12 + 2. What is the remainder when 53 is divided by w?
11
Let q = 89 - 70. What is the remainder when 30 is divided by q?
11
Let v = 20 + 1. Suppose 0*a = a - v. Suppose -f = 2*f - a. What is the remainder when 19 is divided by f?
5
Let f(k) = k**2 + 2. Let o = -14 + 9. Calculate the remainder when f(o) is divided by 40/(-12)*(-5 + 2).
7
Suppose 4*v - v = 0. Let a = v + 2. Suppose 0 = -a*f - 4*x + 22, -x - 8 + 27 = 5*f. Calculate the remainder when 7 is divided by f.
1
Suppose -2*o = -6*o + 88. What is the remainder when o is divided by (8/6)/((-8)/(-48))?
6
Suppose -143 = -5*n + t, 4*n - 5*t - 45 = 61. Suppose -p - 3*v = p + n, 3*v = -p - 19. What is the remainder when -1*(-4)/p*-55 is divided by 8?
6
Suppose 0*f = -4*f. Suppose -4*u + u + 36 = f. Let a(s) = 3*s - 16. What is the remainder when a(17) is divided by u?
11
Suppose -42 = -2*p - p. Calculate the remainder when (-4)/(-18) + (-9520)/(-252) is divided by p.
10
Let m = 11 + -50. What is the remainder when 49 is divided by ((-6)/(-9))/((-2)/m)?
10
Suppose -4*a - 41 + 177 = 0. Calculate the remainder when a is divided by 7.
6
Let m(n) = -12*n. Let i be m(-2). Suppose -i = -5*f + 6. Suppose -f*d + 2*d = -12. Calculate the remainder when 4 is divided by d.
1
Suppose -b = -3*b + 44. Let g(n) = -n**3 - 5*n + 2. What is the remainder when g(-4) is divided by b?
20
Suppose -14 = -2*i - o, -4*o + 34 = 4*i + o. Let u(p) be the first derivative of p**2/2 - 2*p - 1. Calculate the remainder when i is divided by u(6).
2
What is the remainder when 79 is divided by (13 + -58)*(-6)/10?
25
Let s(q) = -q**2 - 5*q + 2. Suppose 3*o = 2*o + 8. Calculate the remainder when s(-5) is divided by (-10)/(-8) + (-2)/o.
0
Let z be 3 + (-8 - (-4)/2). Let d = z + 10. Suppose 3 = w, -4*l + 5*w = -2*l + 11. What is the remainder when d is divided by l?
1
Suppose -127 = -4*o + 3*j + 483, -3*j + 6 = 0. Calculate the remainder when o is divided by 39.
37
Let a = 3 - -3. Suppose 3 = 3*q - a*q. What is the remainder when 1 - 3 - (q + -36) is divided by 12?
11
Let s(k) be the first derivative of -k**4/4 + k**2/2 + 4*k + 2. What is the remainder when 6 is divided by s(0)?
2
Let y(x) = -x**3 + 10*x**2 - 8*x - 7. Let p be y(9). Suppose -o + 0 = -4. Suppose 0 = o*q - p*q - 48. Calculate the remainder when q is divided by 13.
11
Let i be (5 - 0)*-1*-1. Suppose -22 = 4*c + 2*z - 92, i*c - z = 77. What is the remainder when c is divided by 9?
7
Calculate the remainder when 45 is divided by 4/(-3)*(-3 + (-9)/2).
5
Suppose s + 2*l = 113, 0 = 4*s - 5*l - 213 - 200. What is the remainder when s is divided by 36?
35
Let l = 11 - -15. Calculate the remainder when l is divided by (18/4 - 0)*2.
8
Let b(s) = 5*s + 12. Let l be b(-9). Let f = -23 - l. What is the remainder when 39 is divid